 122 = 0. Suppose p*j + 51 = 5*j. What is the highest common divisor of 85 and j?
17
Suppose -3*d = -5*d - 10. Let n be (6/d)/((-22)/55). Suppose n*u + 18 = 75. What is the highest common divisor of 171 and u?
19
Suppose 287 = 11*r - 4564. Let u = r + -421. Calculate the greatest common factor of u and 860.
20
Let y(f) = -f**2 - 374*f + 702. Let c be y(0). Calculate the highest common divisor of c and 2862.
54
Let t = -92523 + 139358. What is the highest common divisor of t and 17?
17
Suppose -5*z + 24 + 30 = p, 0 = 3*p + z - 92. Suppose 2*k - p*k = -54. Calculate the highest common factor of 10 and k.
2
Let q(k) = 29*k**2 - 897*k + 19. Let u be q(31). Calculate the greatest common factor of 24 and u.
3
Suppose 1268*h - 1187*h - 2997 = 0. Suppose -c + 0*z - 4*z + 259 = 0, c + 5*z - 259 = 0. Calculate the greatest common factor of h and c.
37
Suppose -3*s = -3*u + 18, -23 = -3*u + 2*s - 4*s. Suppose -u*p + 5*p = -58. What is the greatest common divisor of p and 377?
29
Let h(u) = 11*u**2 - 2*u + 1. Let g be h(2). Let z = -25 + 26. Let l be (-6912)/(-42) - z - (-6)/14. What is the greatest common factor of g and l?
41
Let d(n) = n**2 + 5*n + 1. Let l be d(6). Let j(g) = -2*g**2 + g + 407. Let z be j(-14). Calculate the highest common divisor of z and l.
1
Let d be (4/(1 - -1))/((-6)/(-384)*8). Calculate the greatest common divisor of d and 664.
8
Let a = -583 - -988. What is the greatest common divisor of 18 and a?
9
Let g(j) = 67*j + 1509. Let y be g(-22). What is the greatest common divisor of 365 and y?
5
Let w(a) = 94*a**2 - 43 - 39*a**2 - 37*a**2. Let l be w(-4). What is the greatest common divisor of l and 35?
35
Suppose 0 = -3*t - 0*t + 45. Let d = 594964 + -594944. What is the greatest common factor of d and t?
5
Suppose -5*k - 125 = -3*y, 3*y + 2*k = -3*k + 145. Let r be 9/4 - (-2)/(-8). Suppose r*s + 16 - 76 = 0. What is the greatest common divisor of y and s?
15
Suppose 2279 = 29564*n - 29525*n + 134. Let u = 12 + 10. Calculate the highest common divisor of u and n.
11
Suppose 5*n - 2082 = -3*y, 4*n - 1526 = -4*y + 146. What is the highest common factor of n and 598?
46
Suppose -2*x - 80 = 4*d - 24, -20 = 2*d - x. Let q be d*-3*12/27. What is the greatest common factor of q and 208?
16
Let p be ((-198)/110)/((-3)/175). What is the greatest common divisor of 765 and p?
15
Let r(l) = -4*l**2 + 6*l - 4. Let n be r(4). Let z = 751 - 777. Let a = z - n. Calculate the highest common factor of 24 and a.
6
Let i(r) = -r**2 + 50*r - 2. Let m be i(0). Let d be (0 - m/5) + (-190848)/(-280). Calculate the highest common factor of d and 22.
22
Let d(y) = -y**3 + 9*y**2 + 18*y - 17. Let p be d(11). Let r = p - -79. Let i(c) = -c**2 + 11*c. Let b be i(9). What is the greatest common divisor of r and b?
18
Let b be 2 + 1 + 1405 + 3. What is the highest common divisor of 83 and b?
83
Suppose 4*g - 46 - 58 = 0. Let i = 27 - g. Suppose -2*r - 3*z - z + 18 = 0, -3 = -r + 4*z. What is the highest common factor of i and r?
1
Let j be -12 + (-10)/(-1) + 1532. Calculate the highest common factor of j and 50.
10
Suppose 63*d + 34*d - 829 + 150 = 0. Calculate the greatest common factor of 1337 and d.
7
Suppose -3*x + 5771 = d, -5*d - 6867 = -5*x + 2778. Let w be (-4)/(-10)*(x/22 - -5). What is the highest common divisor of 1 and w?
1
Let z(o) = -48*o**2 + 319*o + 20. Let v be z(6). What is the highest common factor of v and 1339?
103
Let q(n) = n**3 + 16*n**2 + 26*n - 24. Let d be q(-14). Suppose -245 - 91 = -d*t. What is the greatest common divisor of t and 60?
12
Suppose -148 = -5*c + 87. Let b = c + -46. Let p be (-64)/(b + -3)*42/56. Calculate the greatest common divisor of 264 and p.
24
Let v(o) = 42*o**2 + 170*o - 694. Let j be v(4). What is the greatest common factor of j and 224?
14
Let y(j) = -18*j**2 + j + 7. Let o be y(-3). Let s = -226 - o. Let g = s - -85. Calculate the greatest common factor of 119 and g.
17
Let q be (-12)/(-4)*-9*-197. Suppose 270 + q = 27*g. Calculate the greatest common factor of 23 and g.
23
Let w = 192 + -108. Let d be -3 + -4 + -4 + 2. Let f be (-110)/d - (-5)/((-135)/6). Calculate the greatest common divisor of f and w.
12
Let u(r) = 14*r - 20. Let w be u(12). Let i = 71 - -114. Calculate the highest common factor of w and i.
37
Let t be ((-23945)/(-60) - (-21)/(-63)) + (-5)/(-4). Calculate the greatest common divisor of 2320 and t.
80
Let o = -56911 - -56933. Suppose 0 = -2*m + 6, -w = 3*w + 4*m - 152. Let t = 112 - w. What is the highest common factor of t and o?
11
Let p = 46 + -42. Let c(s) = -s**3 - 2*s**2 + 6*s + 40. Let w be c(-6). Calculate the greatest common divisor of p and w.
4
Suppose -44*m + 35*m + 4664 = 2*m. Calculate the greatest common divisor of m and 56.
8
Let w(m) = -8*m + 96. Suppose 6*f - 64 = 10*f. Let x be w(f). What is the highest common factor of 14 and x?
14
Let a = 689 - 599. Suppose -2*z + 193 = s - a, -134 = -z - 3*s. Calculate the highest common divisor of z and 52.
13
Let b = 395 + -743. Let c = -338 - b. Calculate the highest common factor of 6 and c.
2
Let m = 6889 + -6882. What is the highest common factor of m and 917?
7
Let c(y) = -29*y + 2684. Let o be c(55). What is the greatest common factor of 396 and o?
99
Let o = 278 + -267. Suppose 0 = -33*x + o*x + 594. What is the greatest common divisor of x and 3?
3
Suppose 697 = -34*o + 1921. Let v(d) = -31*d - 181. Let r be v(-7). Calculate the highest common divisor of r and o.
36
Let n(i) = 16*i**3 + 178*i**2 - 17*i - 9. Let z be n(-10). Calculate the greatest common divisor of 74 and z.
37
Let v(g) = 2*g**3 - g + 21. Let t be v(5). What is the highest common factor of 114 and t?
38
Suppose 104 = -20*l + 1144. What is the greatest common factor of l and 38?
2
Let o(i) = i**3 + 13*i**2 - 1074*i - 77. Let a be o(27). Calculate the greatest common factor of a and 25.
5
Let r be (15/6*(-20)/75)/((-5)/150). What is the greatest common factor of 1055 and r?
5
Let g(r) = 307*r + 6189. Let b be g(-20). Let i = 15 + -9. Let x(q) = q**3 - 6*q**2 + 2*q - 5. Let m be x(i). What is the highest common divisor of m and b?
7
Let z(p) = p - 2. Let d be z(7). Let i = d - -36. Let x = i + 22. Calculate the highest common factor of x and 9.
9
Suppose 19*p = 24*p. Suppose -4*k = k - 15. Suppose p = -k*u + 5 + 1. Calculate the greatest common divisor of u and 1.
1
Let w(a) be the third derivative of 7*a**4/24 - 21*a**3/2 + 2*a**2. Let o be w(19). Calculate the greatest common factor of 1190 and o.
70
Let q be ((-1)/9*3)/(3/(-9)). Let a be (-4 - (-5 - q))*17/1. What is the highest common divisor of 17 and a?
17
Suppose -2*l = 4*k + 171 - 475, 0 = -3*l - 4*k + 452. Suppose -18*f + 86 + l = 0. Calculate the greatest common factor of f and 1248.
13
Suppose 2*g + 647 = 4*i - 743, 685 = 2*i + g. What is the highest common divisor of i and 6?
3
Let w be (2 + 14)*9/(90/40). Calculate the greatest common divisor of w and 480.
32
Let f = 19 - 4. Let o(x) = -16*x + 430. Let j be o(25). Calculate the greatest common divisor of j and f.
15
Let s(w) = -23*w - 23. Let y be s(3). Let b = 93 + y. Let d be b/((-4)/(-32) - 0). What is the greatest common factor of d and 20?
4
Let l = 410 + 7096. What is the highest common factor of 54 and l?
54
Suppose 0 = -q - q + 256. Suppose 34*t - 23*t = 132. Suppose 9*p + 4*d = 56, t = p - 5*d + 4*d. Calculate the highest common factor of p and q.
8
Suppose -2*c = 5*q + 16 - 245, -5*c + 547 = 4*q. Let p = -89 + c. Calculate the highest common factor of p and 18.
18
Let d = -7009 + 7177. Let v be (2/(-4))/(2/(-216)). Suppose -5*r - v = -159. Calculate the highest common factor of d and r.
21
Suppose -2*j - 5*n + 106 + 149 = 0, -3*j + 435 = -3*n. Let c be (-30)/((-4)/(j/21)). Calculate the greatest common divisor of 20 and c.
10
Let a be 55 + (4/(-8))/(1/2). What is the greatest common divisor of 783 and a?
27
Suppose -49*n - 11*n = 65*n - 50375. Calculate the highest common factor of n and 13.
13
Let u(x) = 13*x + 4*x**2 + 11*x - 8 + x**3 - 45*x + 9*x + 9*x. Let n be u(2). What is the greatest common divisor of 90 and n?
10
Suppose -114 = n - 174. Let l = 1439 - 779. Calculate the greatest common factor of n and l.
60
Let h(g) = -47*g**2 - 429*g - 15. Let i be h(-9). Calculate the greatest common factor of i and 195.
39
Let h(y) = -2*y